6. Let s(w) be the first derivative of 10*w**2 - 1. What is the remainder when s(c) is divided by 14?
12
Let i(w) = -7*w - 3. Suppose 3*s + 7 = -2. Let p = 25 - 15. What is the remainder when i(s) is divided by p?
8
Let d = 99 - 53. What is the remainder when d is divided by 13?
7
Suppose -4*g - 2*x + 28 = 0, -16 = -4*g - x + 8. Suppose -g*r + 16 + 69 = 0. Calculate the remainder when 67 is divided by r.
16
Calculate the remainder when (-774)/(-36) - 6/(-4) is divided by 4.
3
Suppose 4*i + 4*f = 56, -5*f + 59 = 4*i - 0*f. Calculate the remainder when 43 is divided by i.
10
Suppose -2*s - 2*s + 8 = 0. Suppose -s*z + 22 = t, -3*z - z + 20 = 0. Calculate the remainder when 46*(-2 - -3)/2 is divided by t.
11
Suppose -4*h + 36 = 4*p, 3*h + 4*p - 28 = h. Suppose 4*l + 2*t = -32, 4*l + 58 = 4*t + 2. Calculate the remainder when (-4)/1*l/h is divided by 4.
2
Let n be 2/1 + 9/1. Suppose c - 1 = -2*t, 2*t = 4*c - c - n. What is the remainder when 9 is divided by c?
0
Let w = -19 - -10. Let z be (-12)/w*-1*-3. Suppose -z*p + 34 = 6. Calculate the remainder when 25 is divided by p.
4
Let b be (0 - -3)*4/6. Suppose -5*u = -4*y + 156, 5*y - b*u - 190 = 3*u. What is the remainder when y is divided by 18?
16
Let r = -18 + 64. What is the remainder when r is divided by 12?
10
Let p(l) = 2*l - 12. Suppose d - 3*d = -20. Calculate the remainder when 15 is divided by p(d).
7
Let n(f) = 6*f - 4. Let g be n(3). Suppose u + 3*u - g = -2*v, -15 = -3*v. Calculate the remainder when 43 is divided by (-1 + -1)*u + 17.
13
Let n(m) = -m**2 - 8*m - 1. Let l be n(-5). Suppose 2*o + 5*b + 0 = l, 0 = -o - b + 4. Suppose -o - 34 = -4*x. Calculate the remainder when 26 is divided by x.
8
Suppose 2*r + 20 = -202. Let x = -18 - -25. What is the remainder when r/(-6) + (-2)/(-4) is divided by x?
5
Let r(i) = i + 13. Suppose 21 = -2*y - 5*p - 7, -5*y + 3*p - 39 = 0. Calculate the remainder when 9 is divided by r(y).
1
Suppose -76 = -4*j + 5*f - 4*f, -3*j + 70 = -4*f. Let z = -109 + 178. What is the remainder when z is divided by j?
15
Let u = 75 - 61. Calculate the remainder when 97 is divided by u.
13
Suppose -n = 3*q - 21, q + 5*n = 3*q - 14. Calculate the remainder when 26 is divided by q.
5
Suppose -2*t + 5*p = -27, -2*p + p = 2*t - 9. Suppose -c - n = 1, -4*c + t*n - 3*n - 18 = 0. What is the remainder when 22 is divided by 16 + c - (-1 - -2)?
10
Calculate the remainder when 140 is divided by ((-39)/9)/(2/(-6)).
10
Let m(b) = b**3 - 5*b**2 - 3*b - 2. Calculate the remainder when 45 is divided by m(6).
13
Let c(a) = -a**2 + 5*a - 5. Calculate the remainder when 3 is divided by c(3).
0
Suppose d - 2*o = 103, o + 536 = 5*d - 2*o. What is the remainder when d is divided by 16?
13
Suppose 2*h = h + 5. Suppose -3*x + 2 = -h*x - 3*m, 0 = 4*x - 2*m - 28. Suppose -14 = b - 2*b. Calculate the remainder when b is divided by x.
4
What is the remainder when 50 is divided by 3/5 - ((-508)/5)/4?
24
Let b(q) = 3*q**2 - 8*q - 3. What is the remainder when b(4) is divided by ((-4)/(-5))/((-2)/(-20))?
5
Let g(d) = 6 + 6*d + 6*d - 6. What is the remainder when 35 is divided by g(1)?
11
Let z(c) = -4*c - 3. Suppose 80 = -2*v + 6*v. Suppose 3*r - 4*h + 10 = -2, 5*h = 5*r + v. What is the remainder when z(r) is divided by 7?
6
What is the remainder when 70 is divided by (17 - (-4 + 8))/(3/3)?
5
Suppose 4*d + 20 = 4*k, 5*k - 15 = -3*d + 18. What is the remainder when 21 is divided by k?
3
Suppose 161 - 26 = 3*w. Let y = -30 + w. Suppose n - 22 = 5*h, 5*h + 14 = 2*n - y. Calculate the remainder when 26 is divided by n.
5
Let r = -5 + 8. Suppose -2*d - r*d + 20 = 5*l, -5*l = -4*d + 7. Let c = 5 - 3. What is the remainder when d is divided by c?
1
Suppose 72 = -0*p + 4*p. Suppose -3*z + h = -38, 0*h + p = 3*z + 3*h. Suppose -k = -6*k + 105. What is the remainder when k is divided by z?
10
Let u(a) = a**3 + 2*a**2 - 5*a - 2. Let l be u(-3). What is the remainder when 1/l - 124/(-16) is divided by 3?
2
Let g(f) = -f**3 + 7*f**2 - f + 8. What is the remainder when 1 is divided by g(7)?
0
Calculate the remainder when 8/((-24)/(-56) - (-5)/(-28)) is divided by 11.
10
Suppose 2*g + 26 = b, -2*b + b - g + 17 = 0. Let o(d) = 2*d**2 + 2*d - 2. Calculate the remainder when o(4) is divided by b.
18
Let b(k) = k**3 + 3*k**2 + 2*k. Let i be b(-2). Let h = -27 + 29. Calculate the remainder when h is divided by -1 + (2 - (i - 0)).
0
Let g be (1/2)/((-3)/(-6)). Calculate the remainder when (3 - -2) + g/(-1) is divided by 2.
0
Suppose -45 = -5*x - 5*s, x + 2*s - 13 = -0*s. Let k(j) = -j**2 + 9*j - 2. Suppose 5*w - 83 = 182. Calculate the remainder when w is divided by k(x).
17
Let r be -3 + (-504 - 3)/3. Let y = r - -287. Suppose 0 = 3*s + 2*s - y. What is the remainder when 45 is divided by s?
22
Let g(p) = 6*p - 7. Calculate the remainder when 19 is divided by g(2).
4
Suppose 2 = -2*s + s. Let l = -31 + 49. What is the remainder when l is divided by (-5)/(-2 - (1 + s))?
3
Calculate the remainder when 102 is divided by (23 - 15) + (1 - 1).
6
Suppose 2*g - 3 = -1. Let w = 30 + g. Calculate the remainder when w is divided by 17.
14
Let v be 6*-1*1/2. Let p(w) = w**3 + 6*w**2 - 6. Let f be p(-6). Calculate the remainder when (44/v)/(4/f) is divided by 12.
10
Let t = -16 + 20. Calculate the remainder when 25 is divided by t.
1
Calculate the remainder when 18 is divided by 12/21 - (-90)/14.
4
Let n = 63 + -27. Let q(h) = -h**2 + 6*h + 13. What is the remainder when n is divided by q(6)?
10
Let u(t) = -t**2 + t + 108. Suppose 5*o + 2*b - 8 = 0, -o - 2*b - b = -12. What is the remainder when u(o) is divided by 37?
34
Let x(b) = 10 - 3 + 32 + 22 - b. Calculate the remainder when x(0) is divided by 16.
13
Suppose -h - 4*i = -34, h = -2*i + 24 + 6. Calculate the remainder when h is divided by 6/(-9) - (-58)/6.
8
Let j(t) = -2*t**2 + 16*t - 10. Let z(q) = 2*q**2 + q - 3. Let f be z(2). Calculate the remainder when 22 is divided by j(f).
2
What is the remainder when 26 is divided by (-3)/((-9)/57) - 3?
10
What is the remainder when (299/(-39))/((-2)/12) is divided by 16?
14
Suppose 3*c - 6 - 6 = 3*d, 3*c + 4*d + 2 = 0. Suppose -4 + 21 = n. Suppose -3*p + l = -l - n, 3*l - 17 = -4*p. Calculate the remainder when p is divided by c.
1
Suppose 5*v = -4*a + 93, v + a - 25 = -3*a. Calculate the remainder when 50 is divided by v.
16
Let p = 4 - -18. Suppose 0 = 4*h - 6*h + p. What is the remainder when 31 is divided by h?
9
What is the remainder when (-52)/(0 - 1) - (-10 + 9) is divided by 27?
26
Suppose -13 - 5 = -2*f. What is the remainder when (74/14 - 5) + 166/7 is divided by f?
6
Let g be (-2 - 0) + -19 + -1. What is the remainder when (3/(-2))/(3/(-76)) is divided by (-2)/(-11) + (-436)/g?
18
Suppose 0 = -2*n + 3*q + 11, -3*n + 0*q + 18 = -4*q. What is the remainder when n is divided by 3?
1
Let g = 2 + 6. Suppose 2*v + 3*v - 75 = 0. Calculate the remainder when v is divided by g.
7
Let y(q) = 18*q + 8. Calculate the remainder when y(1) is divided by 15.
11
Let n = -195 - -229. What is the remainder when 64 is divided by n?
30
Suppose 16 = -0*i + 2*i. Calculate the remainder when 12 is divided by i.
4
Let y = -13 - -9. Let d be (6/(-9))/(y/18). Suppose -260 = -d*c - 2*c. What is the remainder when c is divided by 18?
16
Calculate the remainder when (-1280)/(-22) - 10/55 is divided by 30.
28
Let l be (-1)/4 + (-63)/(-12). Suppose b - 5*r = -3*b - 11, b + 34 = -l*r. Calculate the remainder when 4 is divided by -4*1*b/12.
1
Suppose 3*f - 32 = -2*z, 3*z + 2 = -4*f + 48. What is the remainder when z is divided by 3?
1
Let l = 126 - 67. What is the remainder when l is divided by 21?
17
Let r(b) = -3*b - 3. Let u be r(-2). Suppose 2*o - u = o. Suppose 3*q + o - 18 = 0. Calculate the remainder when 18 is divided by q.
3
Let w be -1 - (3 + -1)/(-2). Let u = w + 0. Suppose u = 5*d + 5*f - 115, d - 6*f - 31 = -3*f. What is the remainder when d is divided by 13?
12
Calculate the remainder when 19 + (-3)/((-6)/4) is divided by 12.
9
Suppose -4*l = -2*l - 100. Calculate the remainder when l is divided by 17.
16
Suppose -4*w = i - 85, 5*i - 47 + 0 = -2*w. What is the remainder when 39 is divided by w?
18
Suppose 0 = 2*x - r - 18, -r - 10 = -x. Let g(l) = 2*l - 1. Calculate the remainder when g(7) is divided by x.
5
Suppose -3*d + 210 = -2*r,